be (12/(-7))/(18/(-63)). What is the greatest common factor of c and q?
3
Suppose -5*l + 12 = -2*l. Calculate the greatest common divisor of l and 32.
4
Let s = 91 - -57. What is the highest common divisor of s and 37?
37
Suppose 3 + 3 = 3*x. Let k(c) = 3 + 5 - 6*c + c**x + 0*c**2. Let q be k(9). What is the highest common divisor of q and 7?
7
Let h be 1 + 29 + 0 + 0. Let l(n) = n**3 - 8*n**2 - 1. Let f be l(8). Let j be 0 + (-4 - f - -13). Calculate the greatest common factor of h and j.
10
Let d = -266 - -473. Let g be d/6 + (-2)/4. Let j = 54 - g. What is the greatest common divisor of j and 8?
4
Suppose 4*p - 3 = 9. What is the greatest common divisor of p and 27?
3
Suppose -3 - 3 = -2*p. Suppose 3*i = -4*y - p, -3*y + 2*i + 7 = -4*y. What is the greatest common factor of y and 15?
3
Suppose 3 = l + 1, -3*z - 5*l + 19 = 0. Suppose -70 = -z*c + 161. Let i = 34 + -23. What is the greatest common factor of c and i?
11
Let p = -27 - -46. What is the highest common divisor of 152 and p?
19
Let h be (-38)/(-8) + 3/12. Suppose -3*d - 42 = -2*a, h*a - 38 = -4*d + 21. Let t = -6 + a. What is the greatest common factor of 1 and t?
1
Suppose -38 - 2 = -4*d. Let n be 42 - (2 - -1 - 1). What is the highest common divisor of d and n?
10
Let t be 1 + 3/3 - 53. Let i = -35 - t. Let x = i - 9. What is the greatest common factor of x and 49?
7
Suppose 0 = 3*s - 5*k - 222, 0*k = -2*s + k + 141. What is the greatest common factor of s and 46?
23
Suppose 2 + 2 = -4*p, -11 = -2*c + 5*p. Suppose -c*w + 10 = 2*w. Suppose -d = 5*u - 2*u - w, 4*u + 16 = 0. Calculate the highest common divisor of 56 and d.
14
Let h be 2 - -1*3 - 2. Suppose -10 = u - h*j + 2*j, 4*j - 47 = 5*u. Let m(n) = n**2 + 5*n - 2. Let x be m(u). What is the highest common factor of 132 and x?
12
Let h(j) be the third derivative of j**6/120 + 3*j**5/20 + 5*j**4/12 - j**3/3 - 2*j**2. Let g be h(-7). Calculate the highest common factor of 26 and g.
26
Let c = -18 - -24. What is the highest common divisor of c and 2?
2
Let c(m) = -m**2 - 16*m - 34. Let d be c(-9). Calculate the greatest common divisor of 203 and d.
29
Let s(n) = n**2 - 14*n + 8. Let q be s(9). Let c be 8/(-28) - q/7. Suppose -c*k + 85 = -10. Calculate the highest common factor of 76 and k.
19
Let i = 9 - 5. Suppose h - i*h + 24 = 0. Calculate the highest common factor of h and 4.
4
Suppose 0 = 3*o + o + 5*x - 102, -2*o = -x - 44. What is the greatest common divisor of o and 184?
23
Let h be (5/1)/((-30)/(-9) - 3). Calculate the highest common divisor of h and 75.
15
Let a(c) = c + 22. Let r be a(-16). Suppose -192 = -5*m + 3*f, 4 = m + 3*f - 20. Calculate the highest common factor of m and r.
6
Let f be (1*(0 - 4))/(1/(-4)). Calculate the greatest common factor of f and 24.
8
Let a = -12 - -48. Calculate the greatest common factor of 54 and a.
18
Let v = 376 - 264. What is the highest common divisor of v and 32?
16
Suppose 14 + 14 = 2*w. Let t = -278 + 418. Suppose 0 = 3*g + 2*g - t. What is the greatest common divisor of w and g?
14
Let f = 113 + -22. What is the highest common factor of f and 7?
7
Suppose -2*t = -4*t + 34. Let x = t + -4. Let d = 326 - 209. Calculate the greatest common factor of d and x.
13
Let m(v) = v**3 - v**2 - 6*v + 91. Let p be m(0). Calculate the highest common factor of p and 13.
13
Suppose -3*a + 4 - 10 = 0. Let q be 60*(a + (-20)/(-8)). What is the highest common divisor of 120 and q?
30
Let y be -1 - 2/(-8) - 22657/(-556). Let g = -2 + 6. Calculate the highest common factor of g and y.
4
Suppose -3*r - w + 791 = 0, 0 = -3*w + 4*w + 1. Calculate the highest common divisor of r and 33.
33
Suppose -4*a = -85 + 1. What is the highest common factor of a and 21?
21
Let j(w) = w**2 + 2. Let n be j(0). Let t be (11/(22/84))/n. Calculate the highest common divisor of t and 3.
3
Suppose -12 = -3*j + 3, -m + 8 = -j. Suppose 0 = -4*c - 4*t + 448, -7*c + 595 = -2*c - 2*t. Calculate the highest common factor of c and m.
13
Suppose -o - 19 = -m, -m + 8*o = 4*o - 13. What is the highest common divisor of m and 105?
21
Let h(f) = f**2 - 7*f. Let n be h(8). Calculate the highest common factor of 88 and n.
8
Let w = 277 + -88. What is the greatest common factor of 27 and w?
27
Suppose -6*k + 3*k = -r - 221, -k - 3*r + 57 = 0. Calculate the highest common divisor of k and 8.
8
Let b(r) = r**2 + 3*r - 3. Let i be b(-3). Let x be -4*i/6 - -7. What is the highest common factor of x and 81?
9
Suppose 5*r - 3*x = 144, 3*r - 64 - 20 = x. What is the highest common factor of 18 and r?
9
Let l be 11/4 + (-6)/8. Let q be ((l - -12) + 0)/1. What is the greatest common divisor of 14 and q?
14
Let f = 14 - 1. Suppose -2*a - 8*r + 3*r = -254, -4*r - 569 = -5*a. What is the greatest common factor of a and f?
13
Let a be 14/4*2 + -1. Suppose -7*h - 26 = -4*m - 2*h, 3*h = -3*m + a. Calculate the highest common factor of 4 and m.
4
Let r(s) = -s**3 - 9*s**2 - 14*s + 4. Let t be r(-7). Let z be 2/(-3) - 16/(-6). What is the highest common factor of t and z?
2
Suppose -2*z + z = 0. Suppose -2*f + 0 + 34 = z. Calculate the highest common factor of 119 and f.
17
Let o be 1*(0 + 2 + -1). Let x be (-2)/((3 - o)/(-2)). Let j(p) = p**3 + 8*p**2 - 10*p + 13. Let g be j(-9). What is the highest common factor of g and x?
2
Let w(a) = a**3 - 12*a**2 + 11*a - 8. Let s be w(11). Let g be (-3)/(-12) - 382/s. Suppose -5*z = -23 - 37. What is the highest common divisor of g and z?
12
Let n = -5 + 16. Let m = 0 - -3. Suppose -m*r + 3 = 0, -3*r + 4*r = -3*j + 298. What is the highest common divisor of n and j?
11
Suppose t + 6 = 4*t. Let q be ((-63)/(-15))/(t/10). Let p be (-22)/(-3) + 2/(-6). What is the highest common factor of q and p?
7
Let z(c) = 4*c + 10. Let t be z(-6). Let b be 15*(t/(-10) - 1). What is the highest common divisor of b and 42?
6
Let b be -48 + (0 + 1)*0. Let p = -81 - b. Let a be -44*(2 + p/6). What is the greatest common factor of 14 and a?
14
Let a = 47 - 43. What is the greatest common factor of 4 and a?
4
Let l(j) = 2*j**2 - 2*j - 2. Let q be l(4). Let s be -3 - (-55 + 2 + -5). What is the highest common factor of s and q?
11
Let z = 47 + -34. Suppose 52 = 4*j - 4*u, 2*u - 5 = -2*j + z. Suppose 17 = v - 5. Calculate the highest common divisor of v and j.
11
Let t = -20 + -4. Suppose 80 = 3*q - 55. Let l = t + q. Calculate the highest common divisor of l and 14.
7
Let n(h) = -h + 1. Let j be n(-3). Suppose 2*b + j*o - 60 = -o, 2*o - 4 = 0. Let a = 45 - b. Calculate the greatest common factor of 50 and a.
10
Suppose -11*n = -0*n - 264. Calculate the highest common factor of 12 and n.
12
Let x be (16/6)/(8/12). Let q = x + 2. What is the highest common factor of q and 66?
6
Suppose 45 = -4*z + 65. Let j = -12 + 27. Calculate the greatest common factor of z and j.
5
Suppose 9*b = 10*b - 4. Calculate the highest common divisor of 8 and b.
4
Suppose -t - 4*t + 5*n = -260, 0 = 2*t - n - 104. Let r = 26 + -13. What is the highest common divisor of r and t?
13
Let z(b) = 191*b**3 - 1. Let l be z(1). Suppose 0 = 2*j + a + a - l, 0 = 3*j - 3*a - 261. What is the highest common divisor of 13 and j?
13
Let o(f) = -f**3 - 7*f**2 + 18. Let p be o(-7). Calculate the greatest common divisor of p and 36.
18
Suppose 6*t - 732 = 378. Calculate the greatest common factor of t and 74.
37
Suppose 5*y + 89 = 344. Suppose -k - 2*j + 13 = -4*j, y = 5*k + 4*j. Let u = 29 - k. What is the highest common divisor of 9 and u?
9
Suppose 26 = g + g + 3*p, -2*p = 4. Let j(v) = -v**3 + 3*v**2 + 3*v + 4. Let k be j(4). Let x = 4 + k. What is the highest common divisor of x and g?
4
Let a be 71 + (-1)/(-3 - -2). Calculate the greatest common factor of 24 and a.
24
Suppose 4*a + 18 = 5*a. Calculate the greatest common factor of a and 12.
6
Let w = 5 + -2. Suppose -o = w*m - m - 16, 26 = m - 4*o. Let u be (-28)/98 + (-60)/(-14). What is the greatest common factor of m and u?
2
Let r = -15 + 27. Let j = 3 + 3. What is the greatest common divisor of r and j?
6
Let w(r) = -r**3 - 9*r**2 + 10*r + 13. Let q be w(-10). What is the highest common divisor of q and 104?
13
Let q = -7 - -9. Let u(a) = 14*a + 3 - 2*a**q + 3*a - 6*a + a**2. Let o be u(8). What is the highest common divisor of 9 and o?
9
Suppose 4*t = 34 - 14. Let n(b) = -b + 40. Let h be n(0). What is the 